*q**2 - 1. Let l(w) = w - 2. Let b be l(1). Give s(b).
9
Let k(g) be the second derivative of g**4/6 + g**3/6 - g**2/2 + 5*g. Let f(t) = 3*t**2 + t - 2. Let s(j) = 3*f(j) - 5*k(j). Calculate s(-3).
-4
Let d(n) = 2*n**3 + 1. Suppose 3 = 4*z - 1. Give d(z).
3
Let l(p) = -p - 7. Suppose 0 = -4*i + 4*z + 104, -3*i + 0*i + 88 = -5*z. Suppose -5*v + 9 = -i. Suppose 2*t - v*t = 20. Give l(t).
-2
Let s = -2 + 4. Suppose 8*g - 7*g = s. Let h(f) = f**3 - 5*f**2 + 3*f. Give h(g).
-6
Let s(k) = 9 - k**2 - k**3 - 4*k + 6*k - 10. Give s(1).
-1
Let m be 0 + (1*4 - 0). Let w = -7 - -8. Let t(n) = 0 - n - w - 4. Calculate t(m).
-9
Let j be (-5)/((-5)/(-6)) + -1. Let d(c) = c + 6. Let x(v) = -2*v - 13. Let f(u) = j*d(u) - 4*x(u). Determine f(-6).
4
Let s(l) = -l**2 + 6*l - 5. Let p be 2*(45/6)/5 - -1. Calculate s(p).
3
Let b(h) = 2*h + 6*h - 7*h. Give b(-7).
-7
Let p be (-92)/(-28) + (-8)/28. Let o(s) be the third derivative of s**6/120 - s**5/30 - s**4/8 + s**3/2 + s**2. What is o(p)?
3
Let o(i) be the third derivative of -i**6/120 - i**5/60 + i**4/24 + i**3/3 + 2*i**2. Give o(2).
-8
Let h(g) = g**2 - 4*g - 7. Let z(x) = x**2 + 2*x - 3. Let i be z(-3). Suppose -4*y - y + 30 = i. Determine h(y).
5
Let l(d) = -3*d + 1. Suppose 1 = -2*u + b, -2*u + 4 = b - 1. Determine l(u).
-2
Let l(m) = 2*m**3 + m**2 - 2*m + 1. Suppose -5*p + 16 = 6. Suppose 2*u + 0*u = -5*g + 6, -p*g = -4. Determine l(u).
-7
Let m(x) be the first derivative of -x**5/120 - x**4/12 - x**3/3 + 1. Let h(p) be the third derivative of m(p). Let l be (-1 + 10/15)/(2/30). Determine h(l).
3
Suppose a - 4 + 5 = 0. Let u = -3 - a. Let z(r) = 2*r**2 + 2*r + 2*r - 3*r**3 + 3 + 4*r**3. Determine z(u).
-5
Let y(l) be the first derivative of -l**3/3 + 7*l**2/2 - 3*l - 7. Determine y(6).
3
Let u(x) = -9*x**3 + x + 1. Suppose 4*r = 4*o - 16, 4*r + o = -0*r + 4. Let g be 2/(-4)*2 + r. Calculate u(g).
9
Let s(x) be the third derivative of -1/24*x**4 + 2*x**2 + 0 + 0*x + 1/60*x**5 - 1/2*x**3. Let l be 0/(5 + -2 + 0). Give s(l).
-3
Suppose -6*s + 15 = -s. Let z(c) be the second derivative of 1/2*c**4 + 2*c + 0*c**2 + 0 - 1/6*c**s. Give z(-1).
7
Let z(u) be the second derivative of u**4/12 - 3*u**3/2 + 3*u**2/2 + 3*u. What is z(6)?
-15
Let y = -9 + 10. Let n(r) = r**3 + r**2 - 3*r - 6. Let k(z) = -z + 1. Let t(m) = y*n(m) - 2*k(m). Determine t(0).
-8
Let k(w) = -5*w**2 + 7*w. Let c(b) = -9*b**2 + 14*b. Let v(j) = -4*c(j) + 7*k(j). Determine v(5).
-10
Let z(b) = b + 8. Let i = 17 - 23. Determine z(i).
2
Let s(h) = -h**3 - 2*h**2 + 3. Let i be (1/(-2))/(3/(-30)). Suppose i*f + 14 = -11, 0 = 4*v + 5*f + 37. What is s(v)?
12
Let f(w) be the first derivative of -w - 1/3*w**3 + 1 + 3/2*w**2. Determine f(4).
-5
Suppose -3*r = -h + 2*h - 11, 0 = 4*r - 12. Suppose -o = -5*v - 21, v - o = -h*o - 9. Let s(b) = b**3 + 6*b**2 + 4*b. What is s(v)?
5
Let i(b) be the first derivative of -b**3/3 + b - 4. Determine i(0).
1
Let o(i) = -i**3 + 3*i**2 - i - 2. Let s(f) = -f + 1. Let r be s(-2). Calculate o(r).
-5
Let o(j) = -j**2 - 6*j - 5. Let d = -2 - 4. Let m be o(d). Let f(v) = -v**3 - 4*v**2 + 4*v + 5. Give f(m).
10
Let x(s) = -s - 3. Let c = 14 + -28. Let h = 9 + c. What is x(h)?
2
Let a(b) = 13*b - 2. Let l(i) = -24*i + 3. Let x(h) = 11*a(h) + 6*l(h). Give x(8).
-12
Suppose 3*p + d - 2 = p, 8 = p + 4*d. Suppose -12 + p = -4*g. Let r(h) = -h**3 + 2*h**2 + 2*h + 4. What is r(g)?
1
Suppose 3*s + 3 - 25 = -5*b, 0 = -5*b + 4*s - 6. Suppose 0 = 5*q - b - 8. Let w(g) = -4*g**2 + g**2 + 3*g + 2*g**q. Determine w(4).
-4
Let x(b) = -8*b**2 - 4*b - 11. Let c(y) = -3*y**2 - y - 4. Let j(t) = 11*c(t) - 4*x(t). Let u(p) = -3*p - 2 + 1 + 1 + 1. Let l be u(-1). Calculate j(l).
4
Let w(c) = 19 - 52 + 26 - c + 18. Determine w(8).
3
Let i(s) = -2*s - 3. Let p(z) = -5*z - 9. Let h(n) = 8*i(n) - 3*p(n). Determine h(0).
3
Let n(a) be the second derivative of a**4/12 + 11*a**3/6 + 7*a**2 - 6*a. Determine n(-11).
14
Let v be (3 - 2)/((-1)/(-3)). Suppose 5*h = 2*h - v. Let a(t) = 6*t**3 + t**2 + 2*t + 1. Determine a(h).
-6
Let z(k) = 2*k**2 + 2*k - 1. Let d(m) = -m**2 - 2*m + 1. Let u(c) = 3*d(c) + 2*z(c). Determine u(4).
9
Suppose -16 = 5*v + 2*x + 19, -x = 2*v + 15. Let u(d) = d**3 + 6*d**2 + 5*d + 1. Give u(v).
1
Let j(d) = d**3 - 3*d**2 - 2*d - 3. Let n(a) = -a**3 - a**2 + 2*a + 3. Let l be n(-2). Give j(l).
-9
Let v(b) = b**2 - 2*b - 2. Suppose -5*r + 15 + 10 = 0. Suppose g - 46 = -4*w + 3*g, w = -r*g - 16. Let d be 0 - (-2)/(6/w). Give v(d).
1
Let l = 0 - -1. Let g = -2 + 14. Let t(n) = n**2 + g*n - 3*n - 8*n - 1. Calculate t(l).
1
Let u(k) = k**2 + k - 5. Let o(v) = 2*v - 6. Let d be o(3). Let m be (d - (-2)/(-4))*0. What is u(m)?
-5
Let i(p) = -p**3 + p**2 + 1. Let s(o) be the third derivative of -o**4/24 + 3*o**3/2 - o**2. Let k = -17 + 26. Let r be s(k). Calculate i(r).
1
Let a be 3*5/((-15)/4). Suppose 7 = 2*d - m - 0, m + 16 = 5*d. Let n(s) = s**d - 1 + 3*s**2 - 5 + 1 - 5*s. What is n(a)?
-1
Let b(y) = y**3 + 2*y**2 - 4*y - 2. Let m(f) = 10*f**2 - 2*f + 3. Let o be m(2). Let i be o/(-15) - (-2)/(-5). Calculate b(i).
1
Let t(d) = 2*d**2 - d - 2*d + 4*d - 2. What is t(2)?
8
Let m(k) = -5*k**2 - 3 + 6*k - 6*k - 7*k + 4*k**2. Give m(-6).
3
Let n(p) be the third derivative of p**6/120 - p**4/12 - 9*p**2. Determine n(-2).
-4
Let s be (-156)/65 + (-2)/(-5). Let i(u) = 3*u**2 + 2*u. Determine i(s).
8
Let l(k) = -k**3 + 6*k**2 - k + 8. Let t be l(6). Let g(a) = 3 + 7*a - 2*a - 2*a - 2 + a**t. Give g(-4).
5
Let i(q) = -q**2 + 6*q - 2. Let z be i(5). Let u(b) = b**3 - z*b**2 - 3*b - 2 + 8 + 0*b**3. Suppose -20 = -5*f + 4*t, 7*t - 3*t = 2*f - 8. What is u(f)?
10
Let q(b) = 0*b + 3 - 1 + b. Suppose -3*o - 13 = -2*r - 3, 5*r + 3*o = 25. Suppose c = -0*c + r. What is q(c)?
7
Let v(w) = w. Suppose -5*p + 20 = 0, 5*l + 1 = -3*p + 3. Determine v(l).
-2
Let p(i) be the third derivative of -i**6/120 - i**5/10 + i**4/12 + 5*i**3/6 + 3*i**2. Let u(l) = -l - 4. Let c be u(2). Calculate p(c).
-7
Let c(q) be the first derivative of 1/3*q**3 - 5 - 4*q + 0*q**2. Calculate c(-3).
5
Let i = 34 + -21. Suppose 4*s - i = 5*s. Let j = s - -8. Let o(z) = -z + 5. What is o(j)?
10
Let m(f) = 0 + 5*f**2 - 2*f + 4 + 1. Let a(g) = -4*g**2 + 2*g - 4. Let l(t) = -7*a(t) - 6*m(t). Give l(-2).
-6
Let b(k) be the second derivative of k**4/4 + k**2/2 + 2*k. Let r = -3 - -4. Give b(r).
4
Let d(f) = f + 1 - f**2 + 3*f**3 + 3*f**2 - 3*f. Let i = 1 - 0. Calculate d(i).
4
Let f(d) be the second derivative of -1/2*d**2 + 3*d + 0 - 1/6*d**3. Determine f(3).
-4
Let n(k) be the third derivative of -k**5/60 - k**4/3 + 13*k**2. Determine n(-6).
12
Suppose -r = -3*c - 28, 0*c - 4*r = c - 8. Let w(b) = -b**2 - 8*b - 2. Give w(c).
-2
Let i(d) = -d**3 - 4*d**2 + 4*d + 3. Let g = 3 - 13. Let o = 5 + g. Determine i(o).
8
Let w be 6/9 + 10/3. Let p(x) = 15*x - 9. Let g(n) = -3*n + 2. Let f(c) = -21*g(c) - 4*p(c). Determine f(w).
6
Suppose -3*a - 16 = -2*l, 7*a - 3*a + 8 = l. Let s(i) = 2 - l + 0*i + i. Let k be s(5). Let p(c) = -2*c**3 + c + 1. Determine p(k).
2
Let c = -3 + 5. Let r(d) = -4*d. Let f(q) = 10*q - 5. Let z(v) = 5*v - 3. Let g(i) = -3*f(i) + 5*z(i). Let o(m) = 2*g(m) - 3*r(m). Calculate o(c).
4
Let z(j) = -16*j**2 - 7*j + 33*j**2 - 16*j**2 - 2. Calculate z(7).
-2
Suppose -2*o = 5*z + 11 + 1, -5*z - 4 = 4*o. Suppose 0 = o*f + y - 12, -2*y + 5*y = 5*f - 15. Let s(d) = -d**3 + 4*d**2 - 5*d + 2. Give s(f).
-4
Let f be (-3)/6*-2*2. Suppose -4*u - f*i = -26, u - 2*u + 3*i = 4. Let d(q) = q**3 - 6*q**2 + 7*q - 4. Determine d(u).
6
Suppose 14 = -4*z - 2. Let c(l) = l**2 - 4*l + 2*l**2 + 6 - l**3 + 0*l**3 + 0*l**3. Let h(v) = v**3 - 2*v**2 + 3*v - 6. Let q(o) = 6*c(o) + 7*h(o). Give q(z).
6
Let u be 0 + (54/2 - 1). Suppose 0 = 2*m + 2*b - 4, 0*m - 2*m + 4*b - u = 0. Let g(l) = 2*l**2 + 0*l**2 + 2*l - 4 + 0*l**2. What is g(m)?
8
Let n be 4 + (-4)/2 + 2. Let h(l) = -l**3 + 4*l**2 - 2*l + 4. What is h(n)?
-4
Let x(i) be the second derivative of -i**6/120 - i**5/20 + i**2/2 + i. Let d(f) be the first derivative of x(f). Calculate d(-3).
0
Let c(n) = -n**3 - 118*n - 6*n**2 + 7 + 118*n. Determine c(-6).
7
Let g(n) = -n**3 + n**2 + 2*n + 4. Let p = -8 + 13. Suppose -z - 2 + 1 = 0, p*r - 3*z + 17 = 0. Let s(j) = j + 7. Let f be s(r). Give g(f).
-8
Let z = -794 - -788. Let u(n) = -n. Let p(o) = o**2 + 5